{"id":1753,"date":"2012-03-29T12:03:27","date_gmt":"2012-03-29T10:03:27","guid":{"rendered":"http:\/\/darcyenjune.nl\/?page_id=1753"},"modified":"2015-03-16T21:32:12","modified_gmt":"2015-03-16T20:32:12","slug":"examen-elementaire-gehoorzaamheid-c","status":"publish","type":"page","link":"https:\/\/darcyenjune.nl\/?page_id=1753","title":{"rendered":"Examen Elementaire Gehoorzaamheid C"},"content":{"rendered":"<h2><strong>Vrijdag 29 maart 2013<\/strong><\/h2>\n<p><strong><em><a href=\"http:\/\/darcyenjune.nl\/wp-content\/uploads\/2012\/03\/313sized_IMGP1476.jpg\"><img decoding=\"async\" loading=\"lazy\" class=\"alignleft size-medium wp-image-1799\" src=\"http:\/\/darcyenjune.nl\/wp-content\/uploads\/2012\/03\/313sized_IMGP1476-400x272.jpg\" alt=\"313sized_IMGP1476\" width=\"400\" height=\"272\" srcset=\"https:\/\/darcyenjune.nl\/wp-content\/uploads\/2012\/03\/313sized_IMGP1476-400x272.jpg 400w, https:\/\/darcyenjune.nl\/wp-content\/uploads\/2012\/03\/313sized_IMGP1476-500x339.jpg 500w, https:\/\/darcyenjune.nl\/wp-content\/uploads\/2012\/03\/313sized_IMGP1476-750x509.jpg 750w, https:\/\/darcyenjune.nl\/wp-content\/uploads\/2012\/03\/313sized_IMGP1476.jpg 800w\" sizes=\"(max-width: 400px) 100vw, 400px\" \/><\/a>We zijn er klaar voor<\/em><\/strong><\/p>\n<p>Al de attributen die ik in mijn tas heb meegenomen heb ik grotendeels niet nodig. Het sneeuwt niet meer en ik heb geen last van koude handen. Gelukkig heb ik de lange lijn ook niet nodig. Wel verwissel ik na het examen het schoentje aan Maddy\u2019s voet, want het is zeiknat. Maddy heeft er zin is en is alert. Ik merk dat de hele groep er zin in heeft, men is er klaar voor. Keurmeester is Marry. <a href=\"http:\/\/darcyenjune.nl\/?p=7277\" class=\"broken_link\">Zie ook week 13<\/a>.<\/p>\n<p><strong><em>Indeling<\/em><\/strong><\/p>\n<p>Jolet heeft een indeling gemaakt met waar we moeten staan, deze plaats moeten we steeds aanhouden. En ik b\u00e9n hier blij mee, want ik sta helemaal aan de buitenkant. Dat is beter voor Maddy met het afliggen en ze staat naast haar maatje Dyerza.<\/p>\n<p><strong><em>De examen onderdelen<\/em><\/strong><\/p>\n<p>\uf0b7\u00a0 <strong>Volgen<\/strong><\/p>\n<p>Eerst met z\u2019n allen volgen, linksom, rechtsom, rechtdoor, links, rechts, zit. Het gaat goed, wel gaat Maddy af en toe met haar neus naar de grond, soms wil ze een takje pakken, ik moet iets meer moeite doen om haar aandacht vast te houden.<\/p>\n<p>\uf0b7\u00a0 <strong>Staan, betasten en tanden laten zien<\/strong><br \/>\nE\u00e9n voor \u00e9\u00e9n moeten we naar voren komen, ik laat Maddy staan, met koekje, en ze blijft goed stilstaan ook als Jolet haar betast. Ik loop naar achteren om aan te geven dat het einde oefening is en dan loop ik weer een paar passen naar voren en laat Maddy\u2019s tanden zien. Prima gaat dit.<\/p>\n<p><a href=\"http:\/\/darcyenjune.nl\/wp-content\/uploads\/2012\/03\/313sized_IMGP1555.jpg\"><img decoding=\"async\" loading=\"lazy\" class=\"alignright size-medium wp-image-1802\" src=\"http:\/\/darcyenjune.nl\/wp-content\/uploads\/2012\/03\/313sized_IMGP1555-272x400.jpg\" alt=\"313sized_IMGP1555\" width=\"272\" height=\"400\" srcset=\"https:\/\/darcyenjune.nl\/wp-content\/uploads\/2012\/03\/313sized_IMGP1555-272x400.jpg 272w, https:\/\/darcyenjune.nl\/wp-content\/uploads\/2012\/03\/313sized_IMGP1555-339x500.jpg 339w, https:\/\/darcyenjune.nl\/wp-content\/uploads\/2012\/03\/313sized_IMGP1555.jpg 543w\" sizes=\"(max-width: 272px) 100vw, 272px\" \/><\/a>\uf0b7\u00a0 <strong>Volgen zigzaggend<\/strong><\/p>\n<p>We staan allemaal weer op ons plekje en we moeten \u00e9\u00e9n voor \u00e9\u00e9n zigzaggend volgen langs de groep. Maddy doet het prima, wel moet ik weer moeite doen om haar aandacht vast te houden. De hele groep doet het prima, ook de Newfoundlanders.<\/p>\n<p>\uf0b7\u00a0 <strong>Afliggen en blijven<\/strong><\/p>\n<p>Heel spannend voor Maddy en mij en ik moet als enige C\u2019er 15 stappen bij Maddy vandaan lopen. Maddy gaat wat moeizaam liggen, ik moet het commando twee keer herhalen. Dan loop ik weg en is het hopen en duimen dat ze blijft liggen. Maddy ziet een takje en wil dat hebben, gelukkig pakt ze het liggend. Ze kauwt erop en zo is ze lekker bezig. Ik zie dat ze veel meer op haar gemak ligt naast Dyerza en aan de andere kant ligt niemand. De afgelopen drie lessen lag ze tussen twee Newfoundlanders in en sinds ze allebei om de beurten bij Maddy kwamen buurten tijdens het af-liggen, gaat het mis de laatste twee lessen. Halverwege gaat Maddy zitten, shit! ik loop naar haar toe, maar voordat ik helemaal bij haar ben, gaat ze zelf al weer liggen en kauwt verder op haar takje. Pff. Alle andere honden blijven liggen op de Australian Shepperd na, ook hij gaat zitten. Maar zijn baas geeft een ferme commando op afstand en dat helpt. Mocht Maddy nog de intentie hebben om te gaan staan, dan liet ze dat nu wel uit haar hoofd. Ik ben enige dank aan mijn buurvrouw verderop in de rij verschuldigd denk ik.<\/p>\n<p>\uf0b7\u00a0 <strong>Volgen individueel<\/strong><\/p>\n<p>Dit gaat beter, ik kan goed Maddy\u2019s aandacht vasthouden en ze kijkt mooi naar mij op. Alle volgcommando\u2019s volgen we op, bij de halt de eerste keer moet Maddy liggen en de tweede keer moet ze zitten. Ik moet het \u2018af\u2019 commando herhalen maar verder gaat het prima en ben ik dik tevreden. Weer doet de hele groep het prima, het ziet er tot nu toe veel beter uit dan de EG-B examen.<\/p>\n<p><a href=\"http:\/\/darcyenjune.nl\/wp-content\/uploads\/2012\/03\/313sized_diploma-EG-C-Maddy.jpg\"><img decoding=\"async\" loading=\"lazy\" class=\"alignleft size-medium wp-image-1803\" src=\"http:\/\/darcyenjune.nl\/wp-content\/uploads\/2012\/03\/313sized_diploma-EG-C-Maddy-281x400.jpg\" alt=\"313sized_diploma EG C Maddy\" width=\"281\" height=\"400\" srcset=\"https:\/\/darcyenjune.nl\/wp-content\/uploads\/2012\/03\/313sized_diploma-EG-C-Maddy-281x400.jpg 281w, https:\/\/darcyenjune.nl\/wp-content\/uploads\/2012\/03\/313sized_diploma-EG-C-Maddy-351x500.jpg 351w, https:\/\/darcyenjune.nl\/wp-content\/uploads\/2012\/03\/313sized_diploma-EG-C-Maddy.jpg 491w\" sizes=\"(max-width: 281px) 100vw, 281px\" \/><\/a>\uf0b7\u00a0 <strong>Terug plaats<\/strong><\/p>\n<p>Jolet heeft een vak gemaakt rechts van het veld, aardig priv\u00e9 zeg maar. Wij zijn als laatste aan de beurt en tot nu toe gaat het heel goed allemaal, dit onderdeel is voor de B\u2019ers vaak een struikelblok geweest. Dyerza en de Australian Shepperd hebben wat hulp nodig bij het afliggen.<br \/>\nIk sta met Maddy ongeveer 10 stappen bij het vak vandaan en kijk steeds Jolet aan of ik verder kan gaan met de oefening. Maddy volgt mij naar het vak, ze gaat zitten \u2013 alles op mijn commando- ik doe de riem af en hou het nog even in mijn hand. Ik zeg \u201caf\u201d en weer moet ik het twee keer herhalen. Ze zweeft boven de grond en dit wil ik niet. Wanneer ze helemaal ligt, leg ik de riem naast haar neer met toch maar het \u2018oude\u2019 doosje. Het \u2018nieuwe\u2019 doosje vond ze z\u00f3 spannend vanmorgen.\u00a0Ik loop 10 passen bij het vak vandaan en dan roep ik Maddy. Ze komt snel naar me toe, ik heb wel een koekje in mijn handen. Ze komt voor me zitten en blijft dit doen. Dan kijk ik Jolet aan en Maddy wil voordat ik het zeg \u2018aan de voet zitten\u2019. Ik probeer haar tegen te houden en dat lukt, maar het is een beetje rommelig nu. Dan gaat ze toch iets te vroeg \u2018aan de voet\u2019 zitten, snel geef ik het commando. Ze gaat anders \u2018aan de voet\u2019 zitten namelijk voorlangs. Ik ben hierdoor een beetje in de war, later bedenk ik me dat dit natuurlijk ook prima is, als ze maar \u2018aan de voet\u2019 gaat, of dit nu voor- of achterlangs is. Dan zegt Jolet: \u201cje bent klaar, je kan naar de kantine, maar je mag natuurlijk ook blijven kijken\u201d. \u201cBen ik klaar\u201d, vraag ik vol ongeloof. \u201cJa zeker\u201d, krijg ik als antwoord. Jippie! en volgens mij zijn we geslaagd.<\/p>\n<p>\uf0b7\u00a0 <strong>Voorkomen<\/strong><\/p>\n<p>Ik blijf kijken naar de rest van de groep, want de B\u2019ers moeten deze oefening doen en ze doen het prima. Ook dit is vooral voor de Newfoundlanders spannend, maar wat zijn ze goed vooruit gegaan. En wat doen Dyerza en Djuna het goed, wat een verschil met de vorige keer. Toen zijn ze gezakt voor hun B, maar nu zijn ze vast geslaagd. Ik zie Jolet ook steeds blijer rondlopen, het ziet er allemaal heel goed uit. Het zit erop en uitgelaten gaan we met z\u2019n allen naar de kantine, de sfeer is h\u00e9\u00e9l anders dan bij het vorige examen. Het baasje van Dyerza heeft zelf appeltaart gebakken en dat laten we ons allemaal goed smaken. Alle honden gaan mee naar binnen, behalve de Shepperd en de Border Collie, zij hebben een wat korter lontje. De andere honden kunnen het prima met elkaar vinden. Na een tijdje komt het verlossende woord van Jolet: \u201cWe zijn allemaal geslaagd\u201d.<a href=\"http:\/\/darcyenjune.nl\/wp-content\/uploads\/2012\/03\/313sized_EG-C-puntenlijst-Maddy.jpg\"><img decoding=\"async\" loading=\"lazy\" class=\" size-medium wp-image-1804 alignright\" src=\"http:\/\/darcyenjune.nl\/wp-content\/uploads\/2012\/03\/313sized_EG-C-puntenlijst-Maddy-291x400.jpg\" alt=\"313sized_EG C puntenlijst Maddy\" width=\"291\" height=\"400\" srcset=\"https:\/\/darcyenjune.nl\/wp-content\/uploads\/2012\/03\/313sized_EG-C-puntenlijst-Maddy-291x400.jpg 291w, https:\/\/darcyenjune.nl\/wp-content\/uploads\/2012\/03\/313sized_EG-C-puntenlijst-Maddy-364x500.jpg 364w, https:\/\/darcyenjune.nl\/wp-content\/uploads\/2012\/03\/313sized_EG-C-puntenlijst-Maddy.jpg 509w\" sizes=\"(max-width: 291px) 100vw, 291px\" \/><\/a> Yes! knap van Maddy en mij, vooral omdat ze een zere poot heeft. Gisteren zag het er heel anders uit, toen dacht ik toch echt dat we het over drie maanden weer zouden moeten doen, omdat ze zo moeilijk en achterlijk liep. En heel knap van de anderen, ik zal ze nog missen, die gekke Newfoundlanders. De Border Collie heeft de hoogste punten van het B-examen. Maddy en ik hebben 254 punten, een mooi cijferlijst. Veel mooier dan het B-examen. Een blije Liana gaat naar huis met een mooie Maddy. Dank je wel Jolet voor de trainingen!<\/p>\n<p><strong><em>Gaan we verder?<\/em><\/strong><\/p>\n<p>Ik denk er nog even over na. Het was niet de bedoeling, maar nu vind ik het toch ook wel jammer om te stoppen. Wel gaan we dan naar de maandag, naar de groep van Marry en Heleen. Dan wordt het serieus en doen we de cursus Gedrag en Gehoorzaamheid Beginner<\/p>\n<p>&nbsp;<\/p>\n","protected":false},"excerpt":{"rendered":"<p>Vrijdag 29 maart 2013 We zijn er klaar voor Al de attributen die ik in mijn tas heb meegenomen heb [&hellip;]<\/p>\n","protected":false},"author":1,"featured_media":1754,"parent":1378,"menu_order":0,"comment_status":"closed","ping_status":"closed","template":"","meta":[],"_links":{"self":[{"href":"https:\/\/darcyenjune.nl\/index.php?rest_route=\/wp\/v2\/pages\/1753"}],"collection":[{"href":"https:\/\/darcyenjune.nl\/index.php?rest_route=\/wp\/v2\/pages"}],"about":[{"href":"https:\/\/darcyenjune.nl\/index.php?rest_route=\/wp\/v2\/types\/page"}],"author":[{"embeddable":true,"href":"https:\/\/darcyenjune.nl\/index.php?rest_route=\/wp\/v2\/users\/1"}],"replies":[{"embeddable":true,"href":"https:\/\/darcyenjune.nl\/index.php?rest_route=%2Fwp%2Fv2%2Fcomments&post=1753"}],"version-history":[{"count":3,"href":"https:\/\/darcyenjune.nl\/index.php?rest_route=\/wp\/v2\/pages\/1753\/revisions"}],"predecessor-version":[{"id":1805,"href":"https:\/\/darcyenjune.nl\/index.php?rest_route=\/wp\/v2\/pages\/1753\/revisions\/1805"}],"up":[{"embeddable":true,"href":"https:\/\/darcyenjune.nl\/index.php?rest_route=\/wp\/v2\/pages\/1378"}],"wp:featuredmedia":[{"embeddable":true,"href":"https:\/\/darcyenjune.nl\/index.php?rest_route=\/wp\/v2\/media\/1754"}],"wp:attachment":[{"href":"https:\/\/darcyenjune.nl\/index.php?rest_route=%2Fwp%2Fv2%2Fmedia&parent=1753"}],"curies":[{"name":"wp","href":"https:\/\/api.w.org\/{rel}","templated":true}]}}